t) be the second derivative of t**4/12 + t**3/3 + 5*t**2/2 - 3*t. Let f(n) = n. Let k(w) = 2*f(w) + i(w). Give k(b).
5
Let o(m) = m**2 + 4*m - 2. Let v be o(-5). Let j(q) be the third derivative of 2*q**2 - 1/120*q**6 + 0 + 1/3*q**3 + 0*q + 1/30*q**5 + 1/12*q**4. Calculate j(v).
-1
Let o(d) = -13*d**2 + d. Suppose 3*b - 1 - 2 = 0. Calculate o(b).
-12
Let k(i) = 195*i**2 - 394*i**2 - 6 + 198*i**2. Suppose 5*f + n = 2*n + 4, -16 = 4*f + 4*n. What is k(f)?
-6
Let l = 175 + -171. Let w(n) = n - 1. Determine w(l).
3
Let g = 18 - 8. Let r = g - 8. Let t(x) = -x**3 - x**2 + x + 1. Determine t(r).
-9
Let l(y) = y**2 - y + 4. Let g be l(0). Let a(d) = 2*d + 4. Give a(g).
12
Let m(c) = -1 + 4 + 0 - 4*c - c**2 - 4. Calculate m(-4).
-1
Let c(t) = t**3 - 6*t**2 + 4*t + 3. Let y be c(5). Let j(w) = -w**2 + w. Let n = -1 + 0. Let z(h) = -4*h**2 + 9*h + 1. Let l(x) = n*z(x) + 6*j(x). What is l(y)?
-3
Suppose 0 = 2*v - 4*v + 6. Suppose 4*c - 4*a + 5 = -3, v*c + 2*a - 19 = 0. Let l(i) = -i**3 + i**2 + 4*i - 2. What is l(c)?
-8
Let q(v) be the first derivative of -3 - 1/60*v**5 - 1/2*v**2 + 0*v**3 + 0*v + 1/120*v**6 - 1/24*v**4. Let n(u) be the second derivative of q(u). Give n(0).
0
Let w(f) = f**3 + 6*f**2 + 3. Let v be w(-6). Let o(q) = v*q - 2*q - 1 + 8 + 0*q. Determine o(-5).
2
Let m(b) = -2*b**3 + 3*b**2 + 6*b + 1. Let g(v) = v**3 - v + 1. Let q(j) = 3*g(j) + m(j). What is q(-3)?
-5
Let y(g) = -5*g - 1. Suppose 4*p - 10 = 9*p. Give y(p).
9
Let i(d) = d**3 + 4*d**2 + 4*d - 1. Let g be (3/(-4))/((-4)/(-16)). Calculate i(g).
-4
Suppose -2*i - z - 3 = 4*z, 2 = -2*z. Let c(q) = -q**3 + 2*q**2 - q. Give c(i).
0
Let g(j) be the first derivative of -j**6/120 + j**5/20 + j**3/2 - 4*j**2 - 1. Let h(s) be the second derivative of g(s). Calculate h(3).
3
Let h(m) = 2 - 5*m + 5*m - m + 0*m. Determine h(1).
1
Let y = 10 + -17/2. Let v(w) be the first derivative of y*w**2 + 1/4*w**4 + 5/3*w**3 - 3*w - 3. Give v(-3).
6
Let l = 2 + 4. Suppose 2*c - l + 1 = i, -4*i = 3*c - 24. Let z(r) = -r**3 + 4*r**2 + 2*r - 5. Determine z(c).
3
Suppose 24 - 9 = 5*o. Let s(w) = w**3 - 3*w**2 + 3*w + 2. What is s(o)?
11
Let i = 73 - 70. Let h(g) = -g**3 + 3*g**2 + 2*g + 2. Give h(i).
8
Let j(s) = -s**2 - 3*s + 8. Let m be j(-6). Let l be -2*2/(8/(-28)). Let d = m + l. Let h(q) = q**3 - 4*q**2 + 2*q - 2. Calculate h(d).
6
Let k(h) = 6*h - 2. Let n = -20 + 22. Determine k(n).
10
Let g(c) = -c**3 + 6*c**2 - 5*c - 1. Let f be g(5). Let r(a) be the second derivative of -5*a**4/12 - a**3/6 - 2*a. Determine r(f).
-4
Let p(m) = -5*m - 3. Let r(f) = f**2 - 6*f + 2. Let q be r(5). Give p(q).
12
Let s(z) = 0*z**2 - 2 + 5*z**2 - z**2 + 2*z - 5*z**2. Let d be (0 + -1)*1 - -3. Determine s(d).
-2
Let g be 3 - (4/(-4) - 2). Let u(k) = k**2 - 5*k - 6. Determine u(g).
0
Let r(v) = -2*v - 4*v - 9 - 3 + 5*v. What is r(-5)?
-7
Let x(d) = -d**2 + 4*d + 2. Let k(n) be the first derivative of n**3/3 + n**2 + 2*n - 1. Let v = 2 + -5. Let p be k(v). Give x(p).
-3
Let s(u) be the third derivative of -7*u**2 + 0*u + 1/3*u**3 + 0 - 1/24*u**4. Calculate s(-5).
7
Suppose 0 = 3*b - 3*w + 14 - 44, 0 = 2*b - w - 15. Suppose -17 = -5*y + k + 2, 0 = b*k - 5. Let a(p) = -2*p + 4*p**2 - 2*p**2 - y*p. Give a(4).
8
Let v(k) = -10 - 5*k + 2*k + k. Determine v(-7).
4
Let d(a) = 9*a + 1. Let z(r) = 5*r + 1. Let p(q) = -3*d(q) + 5*z(q). Suppose -2*t + 2*m - 7 = 3*m, 3*t + m = -11. Give p(t).
10
Let v = 10 + -14. Let b(p) = -p**3 - 4*p**2 - 3*p + 2. Let t be b(-3). Let z(d) = -d**2 + d**2 + 2 - d**2 + 0 - t*d. What is z(v)?
-6
Let h(p) = -2*p**2 + 5*p - 11. Let x(z) = -3*z**2 + 7*z - 17. Let v(j) = -8*h(j) + 5*x(j). Let l be (-2)/8 - 12/16. Let r = 1 - l. Calculate v(r).
-3
Let s(f) = -2*f**2 - 5*f**2 + 3*f + 3*f**2 + 2 + 3*f**2. Suppose -2*q - 2 + 0 = 0. Let i be -3 - q - (-7 - -1). What is s(i)?
-2
Let k = -1 + 1. Let r(s) be the second derivative of -s**3/6 + s**2/2 + 2*s - 104. Determine r(k).
1
Let i(g) = -4*g - 1. Let j be 4/10 + 84/(-60). Determine i(j).
3
Suppose 3*h + 15 = -0. Suppose 0 = a + 2*a - t - 8, 5*a = -5*t - 20. Let w(g) = g + a + 3 - 1. Calculate w(h).
-2
Let l(x) = 3*x - 25. Let z be l(10). Let i(f) = -f + 2*f + 4 + 0. Determine i(z).
9
Suppose -4*l = -g - 9*l - 25, -9 = g + l. Let j(m) be the first derivative of 5/3*m**3 + 1/4*m**4 - m**2 - 3 - 3*m. Determine j(g).
7
Let c = 0 - 0. Suppose -4*o + 3*o + 4 = c. Suppose -5*b + o*f + 24 = 0, 5*f + 5 = 5*b - 20. Let n(w) = w**3 - 3*w**2 - 4*w - 2. Determine n(b).
-2
Let x(c) = -4*c**3 + c. Let t(y) = -y**3 - 5*y**2 + y + 6. Let r be t(-5). Let u(q) = 2*q**2 - q. Let i be u(r). What is x(i)?
-3
Let n(i) be the second derivative of i**5/20 + i**4/12 - i**3/2 - i**2 + 10*i. Let h be (-2)/9 + (-50)/18. Give n(h).
-11
Let i(q) = 6*q**3 - 8*q**2 - q - 5. Let w(l) = 17*l**3 - 23*l**2 - 2*l - 14. Let o(s) = 11*i(s) - 4*w(s). Determine o(2).
-5
Let f be -4 + 6 + (-3)/(-1). Suppose y + 4*j = -6, -5*y - 2*j + 0 = -24. Suppose 0 = 2*x - 5*x - 3*c + y, 2*x - c = -f. Let o(s) = 7*s**3 + s**2. What is o(x)?
-6
Let c be ((-8)/6)/(6/9). Let n(o) = o**3 + o. What is n(c)?
-10
Let d(x) = x**3 - x**2. Let s(a) = -2*a**3 - 4*a**2 + 6*a + 5. Let f(t) = 3*d(t) + s(t). What is f(6)?
5
Suppose 17 = 4*y + 9. Let q(x) = 2*x**2 - 3*x + 1. What is q(y)?
3
Let f be 4/(-8) - 3/(-2). Let q be (-2)/(-4) + 10/4. Let r(x) = -x**3 - x + 7*x**q - x**3. Calculate r(f).
4
Let k(b) = -b**3 + 5*b**2 - 4*b - 2. Let j = -1 - 3. Let m = -18 + 10. Let g = j - m. Give k(g).
-2
Let h = 9 + -2. Suppose -2*j + 1 = 5*z + h, -2*j + 3*z = -10. Let b(u) = j - u + 3 - 2*u. What is b(5)?
-10
Let f(u) = -u**2 + 2*u - 4. Suppose p = 2 + 2. Suppose -2*c = p*m - 6, 0 = -c - 4*m + 3. Determine f(c).
-7
Let d(z) be the third derivative of -z**5/60 + z**4/24 + z**3/3 + 17*z**2. What is d(-3)?
-10
Let b(t) be the first derivative of -t**3/3 - t**2/2 + 8*t - 2. What is b(0)?
8
Let r(d) be the second derivative of 0 + 2*d - d**2 + 1/6*d**3. Determine r(-4).
-6
Let h(t) = t**3 - 3*t**2 - 6*t - 3. Suppose y + 7 = 2*z - 0*y, -10 = z - 5*y. Determine h(z).
17
Let j be (-6)/(-4)*12/9. Let o(u) = 2 - u**2 - 2 + j*u**3 + u. Let l be (-4)/(-6)*6 - 3. Calculate o(l).
2
Let q be (-1 + 0)/((-2)/10). Suppose 0*c = q*c. Let w be c + 3*(-8)/6. Let l(a) = a**2 + 7*a + 6. What is l(w)?
-6
Let o(t) = -3*t**2 + 2*t. Let d(i) = -i**2 + i. Let m(n) = -13*d(n) + 6*o(n). Give m(1).
-6
Let u(o) = o**3 - 7*o**2 - 9*o - 1. Let f(a) = 2*a**3 - 15*a**2 - 19*a - 3. Let z(q) = 3*f(q) - 7*u(q). Let g = 13 + -3. Let w be (2/(-4))/((-1)/g). Give z(w).
3
Let t(h) = -4*h**2 + 6*h - 5. Suppose 3*x = 3*o - 9, 0 = -4*o + 5*x + 11 + 3. Let l(f) = f**2 - f. Let j(b) = o*t(b) + 3*l(b). Give j(4).
-9
Let m(n) = -2*n + 31. Let h be m(13). Let j(a) = -2*a - 3. Determine j(h).
-13
Suppose 0*v - 2*v + 6 = 0. Let x(z) = 0*z**3 - 22*z - 9*z**2 + 15*z - z**3 - 2. Let c(p) = -2*p**3 - 17*p**2 - 14*p - 4. Let r(m) = v*c(m) - 5*x(m). Give r(-5).
8
Let t(q) = q**3 - 3*q**2 - q + 4. Let d(v) = v - 9. Let u be d(10). Let z be u - 1 - (-2)/(-2). Let x(b) = 2*b**2 - b. Let m be x(z). Calculate t(m).
1
Let x(p) = -p**2 + p. Let b = -4 - -5. Let a(i) = i**3 + 10*i**2 - 2*i. Let f(r) = b*a(r) + 6*x(r). Let d = -4 + 1. Give f(d).
-3
Let v = 6 - 8. Let h be v - (-3)/(6/(-4)). Let p be -9 - h - 0/(-1). Let d(u) = -u**3 - 5*u**2 - u + 1. Calculate d(p).
6
Suppose 16 = 4*u - 0*u. Suppose 2*m = 2 - u. Let h = 1 - m. Let w(t) = t**2 - 2*t + 2. Give w(h).
2
Let k(s) = -3*s**2 + 2*s + 5. Let b(c) = -4*c**2 + c + 6. Let f(q) = 4*b(q) - 5*k(q). What is f(-5)?
4
Let r(v) = -15*v + 13. Let t(a) = -7*a + 6. Suppose -2*z - 35 = -3*y, -3*z + 2*z - 2*y = 7. Let m(o) = z*t(o) + 6*r(o). Suppose 2 - 12 = 2*s. Calculate m(s).
-5
Let y(f) be the second derivative of -f**5/20 - f**4/4 - f**3/6 - f**2/2 - f. Suppose -4*j = -33 + 1. Suppose -j + 0 = 4*a. What is y(a)?
-3
Let m(f) be the first derivative of 2*f**3/3 + f**2 + 3*f - 6. What is m(-2)?
7
Let c(i) = 10*i + 10. Let h(w) = -w - 1. Let l(t) = 4*c(t) + 36*h(t). Calculate l(-3).
-8
Let w = -1 + 1. Let b(o) = 10*o + w - 5*o - 1. Let t be ((-1)/2)/((-7)/28). Calculate b(t).
9
Let n(j) = -4*j + 0 + 4 + 8*j. What is n(-3)?
-8
Let b(o) = -3*o + 2. Let c be (-8)/10 - (-6)/(-5). Let d = c + 4. Calculate b(d).
-4
Let o(s) = 2*s**2 - 3*s + 3. Let d be o(2). Let